 of y and 8.
8
Let i(x) = 3*x**2 - 8. Let b = -15 - -12. Let y be i(b). Suppose 44 = 2*t - 3*q - 20, -5*t + 5*q = -170. What is the highest common factor of y and t?
19
Let h(a) = -a**2 + 3*a - 1. Let u be h(5). Let j = 15 + u. Suppose 0 = -5*k - 25, 0 = -0*y + y - 3*k - 21. Calculate the highest common divisor of j and y.
2
Suppose 0 = 2*l - 7*l + 300. Let z(r) = -r**3 - 8*r**2 - 9*r - 2. Let a = 23 - 30. Let p be z(a). Calculate the greatest common divisor of p and l.
12
Let q be 2024/143 + ((-4)/(-13))/(-2). Let s be ((-1)/1)/((-6)/18). Suppose -4 + 5 = c, -5*g = -s*c - 767. What is the highest common factor of g and q?
14
Let k be (2 - (-220)/(-90))/((-1)/9). What is the highest common divisor of 28 and k?
4
Suppose 35*p = 37*p + 5*c - 45, 0 = -2*p + c + 39. What is the highest common divisor of 140 and p?
20
Suppose 4*w - 14*w = -650. What is the highest common divisor of w and 13?
13
Let q(j) = 4*j + 33. Let o be q(4). Calculate the highest common divisor of o and 28.
7
Let a be 0/3*4/(-8). Suppose -s = 2*t - 5, a*s - 5*s + 25 = 0. Suppose -i + t = -3. What is the highest common factor of i and 1?
1
Let f(c) = 13*c - 2. Let n be f(-3). Let w = n + 101. Suppose -3*h = -d + w, -h = 3*d - 6*d + 156. What is the greatest common factor of 34 and d?
17
Let t(v) = 6*v - 2 - v + 2*v + 3*v**2. Let a(k) = -k**2 + k. Let y(o) = -2*a(o) + t(o). Let m be y(-5). Calculate the greatest common factor of 14 and m.
14
Let f(i) = -4*i**2 + 57*i + 36. Let q be f(12). Suppose 0 = -3*y - 10 + 64. What is the highest common divisor of y and q?
18
Let n be 0 - (-1)/(2/12). Let y = n - 4. Let p be (783/1044)/(-2*(-3)/64). Calculate the highest common divisor of p and y.
2
Suppose -3*l = -12, m + l - 2*l = 14. Calculate the greatest common factor of 9 and m.
9
Let n = -369 - -469. Let g(d) = -d**2 + 11*d + 1. Let x be g(8). Calculate the greatest common factor of x and n.
25
Let s(b) = 2*b**2 + b + 1. Let u be s(-2). Let o be 6/(-2)*u/(-3). Let d be -2*(-4 - (-41)/(-2)). What is the greatest common factor of o and d?
7
Let p = 390 - 200. Calculate the greatest common divisor of 95 and p.
95
Suppose 2*j = -5*n - 1053 - 843, 2*j - 4 = 0. Let q be n/6*(-3)/2. Let k(a) = a**2 + 3. Let i be k(4). What is the highest common factor of q and i?
19
Let f(i) = -i**2 + 21*i - 70. Let x be f(7). What is the greatest common divisor of 70 and x?
14
Let b be (46 - 1) + (-138 - -125). Suppose 4*q = p + 1410, 5*p + 6 + 4 = 0. Calculate the greatest common factor of q and b.
32
Suppose 3*h + 33 = 5*i, 18 = 5*i - 2*h - 14. Let f be 9/i*24/(-9). Let w be (2 + f)/2 - -49. Calculate the greatest common factor of w and 12.
12
Suppose k = -0*k + 2*u + 11, -2*k - u = -7. Let b be 28*k/10 + 0/3. Calculate the highest common divisor of b and 2.
2
Let b(i) = -i**2 + 9*i + 3. Let z be b(6). Let l(t) = -t + 1. Let k = -20 + 14. Let d be l(k). Calculate the highest common factor of z and d.
7
Suppose 0*z - 4 = -2*z. Let y(x) = 0*x**2 + 3*x + 0*x + 3*x**3 - x**3 - 3*x**2. Let p be y(z). What is the greatest common divisor of p and 15?
5
Let a be 3 + (-6 - 0) + 25. Calculate the greatest common factor of a and 11.
11
Suppose -11 = c - 13. Suppose -6*d + 230 = -2*d - c*w, 3*d - 3*w = 180. What is the highest common factor of d and 5?
5
Let x = -5 + 9. Suppose -22 = g + x*u, 6 = -3*g + 4*u - u. Let y be (26/3)/((-4)/g). Calculate the greatest common factor of y and 143.
13
Suppose 0 = 2*i + 34 - 68. Let n = i - 2. Calculate the greatest common divisor of 15 and n.
15
Let b = -90 + 217. Let d = b - 64. What is the highest common factor of 7 and d?
7
Let d = 63 - 79. Let k(r) be the first derivative of -3*r**2/2 - 36*r + 5. Let t be k(d). Calculate the greatest common factor of 6 and t.
6
Suppose -4*t - 80 = -8*t. Let x(m) = 14*m + 6. Let r be x(1). Calculate the greatest common divisor of t and r.
20
Let i be ((-378)/(-35))/((-4)/(-20)). Let x be -2*(7 - 5) - -22. Calculate the greatest common factor of i and x.
18
Let r(t) = -t**3 - 5*t**2 - 5*t - 3. Let n be r(-4). Let i be n/((-4)/(-21 + 1)). Suppose 2 = -i*j + 22. What is the greatest common factor of j and 12?
4
Suppose -5*l + 1728 = 7*l. What is the greatest common factor of l and 32?
16
Suppose -2226 - 2088 = 6*i. Let d be 9/36 - i/4. Calculate the greatest common divisor of d and 20.
20
Suppose -q - 3*q + 16 = 0. Let n(f) = -q*f - 4 + 4 + 6*f. Let i be n(2). What is the greatest common factor of i and 32?
4
Let q be (-392)/(-10) + 1/(-5). Let d = 95 - q. Calculate the greatest common divisor of 84 and d.
28
Let m be 2 - 1 - -13 - 0/25. Let d be ((-54)/10)/(m/(-70)). Calculate the greatest common divisor of 36 and d.
9
Let z be 2408/14 + (6 - (-2 + 2)). Calculate the highest common divisor of z and 801.
89
Let o(z) = -z**3 + 6*z**2 + z + 5. Let c be o(6). Let t be 108/c - (-10)/55. Let x = 97 - 27. What is the highest common factor of x and t?
10
Let i be (-15)/385*-287 - 4/22. Let s(k) = k**2 - 3. Let v be s(-5). Calculate the highest common divisor of v and i.
11
Suppose -s - 3*h = -2*s + 3, 0 = 4*s + 2*h + 2. Suppose -3*l = 4*k - s*k - 50, -4*k - 62 = -5*l. Calculate the greatest common factor of l and 14.
14
Let g(p) = 2*p**2 - 12*p - 15. Let d be g(8). What is the highest common divisor of 170 and d?
17
Let h be (-6 - -383) + 2 - 5. Calculate the greatest common divisor of 22 and h.
22
Let y be ((-270)/(-40))/((-6)/(-32)). Let c(d) = 145*d**3 + 2*d**2 - d. Let t be c(1). Let a be (-2)/4 + t/4. Calculate the greatest common factor of a and y.
36
Let h(o) be the first derivative of o**2/2 - 3*o - 2. Let f be h(6). What is the greatest common factor of f and 27?
3
Let p = -29 - -33. Suppose 0*x + p*s + 10 = x, 3*x + 4*s = 62. What is the highest common divisor of 12 and x?
6
Let j be (-467)/15 - (-8)/60. Let d = 54 + j. Suppose -3*f + d = -220. Calculate the highest common divisor of 27 and f.
27
Let l = 59 + -41. Suppose 288*m - 121 = 110 + 345. Calculate the highest common factor of l and m.
2
Let q be (8/2)/(8 - 1452/187). Calculate the greatest common divisor of q and 51.
17
Let r be (-64)/(-128) - (1 - 838/4). What is the highest common factor of r and 11?
11
Suppose -2 = -14*h + 1342. What is the highest common divisor of 240 and h?
48
Let h be 2/8 + 120/32. Suppose -h*a = 2*f - a - 30, 0 = 3*f - 5*a - 64. Suppose -20 = -3*q + 16. Calculate the highest common factor of q and f.
6
Suppose -591 = -3*u - n, -4*u + 778 = -0*u - 2*n. Suppose 0*i + 5*i = 1380. Let m be 14/35 + i/10. What is the highest common divisor of m and u?
28
Let h(l) = -l**2 - 10*l + 1035. Let c be h(0). What is the greatest common factor of c and 45?
45
Let y = 196 - 167. Calculate the highest common factor of 319 and y.
29
Let x = 40 - 19. Let b = 24 - x. Suppose -b = 2*r - 93. What is the highest common divisor of 5 and r?
5
Let b = -3920 + 4019. Let q(v) = v**2 - 4*v + 4. Suppose -u - 10 = -3*u. Let h be q(u). Calculate the highest common divisor of h and b.
9
Let y(z) = -z + 3. Let l be y(-1). Let v be (-1 - 1) + l - 1. What is the greatest common divisor of v and 1?
1
Suppose -3*o + 4*b + 112 = -o, o + 4*b = 38. Let q be (-200)/6 - (-2)/6. Let d = q + 53. Calculate the highest common divisor of d and o.
10
Let d be -2 + 3 + 1 + 4. Let c be 43/3 + 4/d. Let z(b) = 13*b - 33. Let p be z(6). Calculate the highest common factor of c and p.
15
Let b be (-27)/12 + 15/(-20). Let d = b - -33. Suppose -4*r - 8 = -56. What is the greatest common divisor of r and d?
6
Let b(p) = -4*p**2 + 3*p - 3. Let s be b(2). Let v = 22 + s. Suppose -4*o = g - 12, -v*g + 4*g - 2*o = -60. What is the greatest common divisor of g and 84?
12
Let a(r) = -31*r + 934. Let c be a(30). Let g(v) = -v**2 + 2*v + 4. Let b be g(3). Calculate the highest common divisor of b and c.
1
Let j be -2*((-184)/20 + 9/45). Calculate the highest common factor of j and 198.
18
Let d = -273 + 276. What is the greatest common divisor of d and 21?
3
Let n be (1 + -2 + -19)/(-2). Suppose 12*w - 6 = n*w. Suppose -w*g + 8 = -g. What is the greatest common factor of 16 and g?
4
Let s be (-308)/(-24) - (-1)/6. Suppose 0 = 3*t - 6*t + 3*q + 198, -2*t = q - 129. What is the highest common divisor of t and s?
13
Suppose 34 = c - 2*i, 5*c - 159 = -0*c - i. Calculate the highest common divisor of 16 and c.
16
Let q b